{"id":93,"date":"2012-11-28T22:08:37","date_gmt":"2012-11-28T21:08:37","guid":{"rendered":"http:\/\/atomic-temporary-196332977.wpcomstaging.com\/?page_id=93"},"modified":"2023-08-07T21:03:04","modified_gmt":"2023-08-07T19:03:04","slug":"gardes","status":"publish","type":"page","link":"https:\/\/33simga.fr\/index.php\/legislation\/gardes\/","title":{"rendered":"Garde"},"content":{"rendered":"<h3><span style=\"color: #33cccc;\"><strong>Travailler le week-end : garde ou astreinte ?<\/strong><\/span><\/h3>\n<ul class=\"bi6gxh9e aov4n071 fjf4s8hc mf5omzu7\">\n<li>\n<div class=\"bi6gxh9e\"><span class=\"d2edcug0 hpfvmrgz qv66sw1b c1et5uql rrkovp55 jq4qci2q a3bd9o3v knj5qynh oo9gr5id\">le travail le samedi matin est du\u00a0<b>temps normal\u00a0<\/b>de stage (c&rsquo;est comme en semaine)<\/span><\/div>\n<\/li>\n<li>\n<div class=\"bi6gxh9e\"><span class=\"d2edcug0 hpfvmrgz qv66sw1b c1et5uql rrkovp55 jq4qci2q a3bd9o3v knj5qynh oo9gr5id\">si vous \u00eates chez vous au d\u00e9but de votre service, puis que vous vous d\u00e9placez \u00e0 l&rsquo;h\u00f4pital parce qu&rsquo;il y a besoin, c&rsquo;est une <b>astreinte<\/b>.\u00a0<\/span><\/div>\n<\/li>\n<li>\n<div class=\"bi6gxh9e\"><span class=\"d2edcug0 hpfvmrgz qv66sw1b c1et5uql rrkovp55 jq4qci2q a3bd9o3v knj5qynh oo9gr5id\">si vous \u00eates post\u00e9s \u00e0 l&rsquo;h\u00f4pital, c&rsquo;est \u00e0 dire que vous \u00eates sur place d\u00e8s le d\u00e9but de votre service, alors c&rsquo;est une <b>garde<\/b>.<\/span><\/div>\n<\/li>\n<\/ul>\n<blockquote><p><span style=\"color: #000000;\">Pour le travail suppl\u00e9mentaire effectu\u00e9, lorsque la permanence des soins l\u0092exige, <b>les samedis apr\u00e8s-midi, dimanches et jours f\u00e9ri\u00e9s<\/b>, l\u0092&rsquo;interne ou le faisant fonction d&rsquo;\u0092interne per\u00e7oit <b>une demi-garde par demi-journ\u00e9e<\/b>, au montant fix\u00e9 \u00e0 l\u0092article 2, imputable sur les obligations de service.<\/span><\/p><\/blockquote>\n<p><span style=\"color: #000000;\">Source : <em>article 3 de l&rsquo;arr\u00eat\u00e9 du 20 mai 2016 relatif \u00e0 l&rsquo;indemnisation des gardes<\/em><strong>\u00a0<\/strong>consultable <a href=\"https:\/\/www.legifrance.gouv.fr\/affichTexteArticle.do;jsessionid=95F9AF582A421959F371C9E50C4CA258.tplgfr44s_2?idArticle=JORFARTI000032575980&amp;cidTexte=JORFTEXT000032575975&amp;dateTexte=20160525&amp;categorieLien=id\">ici<\/a><\/span><\/p>\n<h3><span style=\"color: #1bb5b5;\"><strong>Est-ce que les gardes sont compt\u00e9es dans les 48 heures de travail par semaine en moyenne sur 3 mois ?\u00a0<\/strong><\/span><\/h3>\n<p>OUI, toutes les gardes comptent dans votre temps de travail ! Et les gardes vous donnent droit \u00e0 un repos :<\/p>\n<ul>\n<li>une garde de nuit doit obligatoirement \u00eatre suivie d&rsquo;un <strong>repos de garde<\/strong> d&rsquo;une dur\u00e9e minimum de 11 heures (voire ci-dessous)<\/li>\n<li>une garde de week-end donne droit \u00e0 un <strong>repos compensateur<\/strong>, afin de respecter le temps de travail de 48 heures en moyenne par semaine (plus d&rsquo;infos <a href=\"http:\/\/33simga.fr\/index.php\/legislation\/statut-de-linterne\/\">ici<\/a>)<\/li>\n<\/ul>\n<blockquote><p><span style=\"color: #000000;\"><b>Toutes les gardes sont du temps de travail effectif<\/b>, qu\u0092elles soient comprises dans le service normal ou qu\u0092elles soient suppl\u00e9mentaires (article R. 6153-2 (II.) du CSP), et sont comptabilis\u00e9es dans les obligations de service. Une p\u00e9riode de nuit est comptabilis\u00e9e \u00e0 hauteur de deux demi-journ\u00e9es. <\/span><\/p><\/blockquote>\n<p><span style=\"color: #000000;\">S<\/span><span style=\"color: #000000;\">ource :\u00a0<em>paragraphe 1.1.2 de la <\/em><\/span><em><span style=\"color: #000000;\">circulaire interminist\u00e9rielle du 26 mai 2016 relative \u00e0 la mise en \u009c\u0153uvre du temps de travail des internes <\/span><\/em><span style=\"color: #000000;\">consultable <a href=\"https:\/\/solidarites-sante.gouv.fr\/fichiers\/bo\/2016\/16-06\/ste_20160006_0000_0077.pdf\">ici\u00a0<\/a><\/span><\/p>\n<h3><span style=\"color: #1bb5b5;\"><strong>Quelle s\u00e9niorisation pendant une garde ?<\/strong><\/span><\/h3>\n<blockquote><p>Pour toute garde d&rsquo;\u0092interne, <strong>un m\u00e9decin s\u00e9nior doit \u00eatre disponible<\/strong>, soit sur place, soit en astreinte \u00e0 domicile, pour conseiller et aider l&rsquo;\u0092interne. L&rsquo;\u0092interne de garde ou d&rsquo;\u0092astreinte exerce par d\u00e9l\u00e9gation et sous la responsabilit\u00e9 du m\u00e9decin s\u00e9nior, ce qui garantit le caract\u00e8re formateur de la garde. Source : <em>instruction du 22 avril 2014 clarifiant les dispositions r\u00e9glementaires relatives aux internes<\/em><\/p><\/blockquote>\n<h3><span style=\"color: #1bb5b5;\"><strong>Combien est pay\u00e9e une garde<\/strong> ?<\/span><\/h3>\n<ul>\n<li>pour une garde de nuit effectu\u00e9e <strong>en semaine<\/strong> (lundi, mardi, mercredi, jeudi et vendredi) :\u00a0<strong>149 \u0080 brut<\/strong><\/li>\n<li>pour une garde de nuit effectu\u00e9e dans la nuit du samedi au dimanche :\u00a0<strong>163 \u0080 brut<\/strong><\/li>\n<li>pour une garde de nuit effectu\u00e9e dans la nuit du dimanche au lundi ou la nuit d&rsquo;un jour f\u00e9ri\u00e9 :\u00a0<strong>163 \u0080 brut<\/strong><\/li>\n<li>pour une garde effectu\u00e9e en journ\u00e9e\u00a0le dimanche ou en jour f\u00e9ri\u00e9 :\u00a0<strong>163 \u0080 brut<\/strong><\/li>\n<li>pour une garde effectu\u00e9e en plus du service normal de garde :\u00a0<strong>163 \u0080 brut<\/strong><\/li>\n<li>pour une demi-garde effectu\u00e9e en semaine : <strong>74,5 \u0080 brut<\/strong><\/li>\n<li>pour une demi-garde effectu\u00e9e les samedis ou les jours f\u00e9ri\u00e9s : <strong>81,5 \u0080 brut<\/strong><\/li>\n<\/ul>\n<p>source : <em>arr\u00eat\u00e9 du 30 octobre 2020 relatif au service de garde des internes et \u00e0 l&rsquo;indemnisation des gardes et astreintes <\/em>consultable <a href=\"https:\/\/www.legifrance.gouv.fr\/jorf\/id\/JORFTEXT000042482096\">ici<\/a><\/p>\n<h3><span style=\"color: #1bb5b5;\"><strong>Les gardes chez le praticien ou en SASPAS, \u00e7a existe ?<\/strong><\/span><\/h3>\n<p dir=\"ltr\">Non cela n&rsquo;existe pas ! Quand vous \u00eates en stage chez le praticien ou en SASPAS, vous ne devez pas travailler en soir\u00e9e ou en nuit. Si vous le faites, cela est sur la base du volontariat et du b\u00e9n\u00e9volat. L\u00e9galement, il y a un vide juridique, et aucune r\u00e9mun\u00e9ration de pourra \u00eatre r\u00e9alis\u00e9e.<\/p>\n<h3><span style=\"color: #1bb5b5;\"><strong>O\u00f9 peut-on fa<span style=\"color: #1bb5b5;\">ire des gardes<\/span><\/strong> ?<\/span><\/h3>\n<p>Si vous \u00eates affect\u00e9s au CHU, pas de possibilit\u00e9 de faire des gardes dans d\u0092autres CH. Si vous \u00eates affect\u00e9s dans un CH, vous pouvez r\u00e9aliser des gardes au CHU. Si vous \u00eates affect\u00e9s chez le praticien, il faut imp\u00e9rativement pr\u00e9venir la direction des affaires m\u00e9dicales du CHU pour effectuer des gardes.<\/p>\n<blockquote><p>Les gardes ont lieu dans l\u0092&rsquo;\u00e9tablissement o\u00f9 l&rsquo;\u0092interne est affect\u00e9. <strong>Un interne peut effectuer des gardes dans un autre service<\/strong> si les deux chefs de service donnent leur autorisation et qu\u0092une convention est sign\u00e9e entre les deux \u00e9tablissements. source : <em>article 1 de l&rsquo;arr\u00eat\u00e9 du 10 septembre 2002 relatif aux gardes des internes<\/em> consultable <a href=\"https:\/\/www.legifrance.gouv.fr\/affichTexteArticle.do;jsessionid=20BE0CF8C6DCB11AEC9140680D4965C1.tpdila09v_3?idArticle=LEGIARTI000032590180&amp;cidTexte=LEGITEXT000030311310&amp;dateTexte=20160920\">ici\u00a0<\/a><\/p><\/blockquote>\n<h3><span style=\"color: #1bb5b5;\"><strong>Combien d&rsquo;internes sont n\u00e9cessaire<span style=\"color: #1bb5b5;\">s<\/span><\/strong>\u00a0? <\/span><\/h3>\n<blockquote><p>Pour qu\u0092un tableau de gardes ne fonctionne qu&rsquo;\u0092avec des internes, il faut n\u00e9cessairement un pool de <strong>6\u00a0internes au minimum<\/strong>. source : <em>arr\u00eat\u00e9 du 30 octobre 2020 relatif au service de garde des internes et \u00e0 l&rsquo;indemnisation des gardes et astreintes <\/em>consultable <a href=\"https:\/\/www.legifrance.gouv.fr\/jorf\/id\/JORFTEXT000042482096\">ici<\/a><\/p><\/blockquote>\n<p>Si vous \u00eates 5 internes ou moins sur une ligne de garde, alors cette ligne de garde doit n\u00e9cessairement \u00eatre une <strong>ligne de garde \u00e0 trou<\/strong> (c&rsquo;est \u00e0 dire qu&rsquo;il y a obligatoirement certains jours o\u00f9 aucun interne n&rsquo;est de garde).<\/p>\n<h3><span style=\"color: #1bb5b5;\"><strong>Quels sont les horaires d&rsquo;une garde<\/strong> ?<\/span><\/h3>\n<blockquote><p>Le service de garde commence \u00e0 la fin du service normal de l&rsquo;apr\u00e8s-midi, et au plus t\u00f4t \u00e0 <strong>18 h 30<\/strong>, pour s&rsquo;achever au d\u00e9but du service normal du lendemain matin, et au plus t\u00f4t \u00e0 8 h 30. Pour chaque dimanche ou jour f\u00e9ri\u00e9, le service de garde commence \u00e0 8 h 30 pour s&rsquo;achever \u00e0 18 h 30, au d\u00e9but du service de garde de nuit. source : <em>article 1 de l&rsquo;arr\u00eat\u00e9 du 10 septembre 2002 relatif aux gardes des internes<\/em> consultable <a href=\"https:\/\/www.legifrance.gouv.fr\/affichTexteArticle.do;jsessionid=20BE0CF8C6DCB11AEC9140680D4965C1.tpdila09v_3?idArticle=LEGIARTI000032590180&amp;cidTexte=LEGITEXT000030311310&amp;dateTexte=20160920\">ici\u00a0<\/a><\/p><\/blockquote>\n<h3><span style=\"color: #1bb5b5;\"><strong>Combien de temps peut durer une garde<\/strong> ?<\/span><\/h3>\n<blockquote><p>Un interne ne peut \u00eatre mis dans l&rsquo;obligation de garde pendant plus de <strong>24 heures<\/strong> cons\u00e9cutives. source :\u00a0<em>article 1 de l&rsquo;arr\u00eat\u00e9 du 10 septembre 2002 relatif aux gardes des internes<\/em> consultable <a href=\"https:\/\/www.legifrance.gouv.fr\/affichTexteArticle.do;jsessionid=20BE0CF8C6DCB11AEC9140680D4965C1.tpdila09v_3?idArticle=LEGIARTI000032590180&amp;cidTexte=LEGITEXT000030311310&amp;dateTexte=20160920\">ici\u00a0<\/a><\/p><\/blockquote>\n<h3><span style=\"color: #1bb5b5;\"><strong>Combien de garde maximum puis-je effectuer<\/strong> ?<\/span><\/h3>\n<ul>\n<li>le <strong>service de garde normal<\/strong> comprend une garde de nuit par semaine <em><strong>et<\/strong><\/em> un dimanche ou jour f\u00e9ri\u00e9 par mois.<\/li>\n<li>au-del\u00e0, les gardes doivent \u00eatre r\u00e9mun\u00e9r\u00e9es avec une <strong>indemnisation sup\u00e9rieure<\/strong>.<\/li>\n<\/ul>\n<blockquote><p>L&rsquo;article 1 dit\u00a0 : Un interne ne peut assurer une participation sup\u00e9rieure au service de garde normal que dans les activit\u00e9s pour lesquelles la continuit\u00e9 m\u00e9dicale est pr\u00e9vue par voie r\u00e9glementaire et en cas de n\u00e9cessit\u00e9 imp\u00e9rieuse de service, selon les modalit\u00e9s pr\u00e9vues \u00e0 l&rsquo;article 3. L&rsquo;article 3 dit : Il ne peut \u00eatre fait appel aux internes pour effectuer les gardes au-del\u00e0 de leurs obligations de service de garde normal qu&rsquo;en cas d&rsquo;impossibilit\u00e9 justifi\u00e9e d&rsquo;organiser le tableau de garde dans les conditions d\u00e9finies ci-dessus.<\/p><\/blockquote>\n<p>source : <em>article 1<\/em> et 3 <em>de l&rsquo;arr\u00eat\u00e9 du 10 septembre 2002 relatif aux gardes des internes\u00a0<\/em>consultable <a href=\"https:\/\/www.legifrance.gouv.fr\/loda\/id\/JORFTEXT000000228343\/\">ici<\/a><\/p>\n<blockquote><p>Les internes et les faisant fonction d&rsquo;interne per\u00e7oivent pour <strong>chaque demi-garde effectu\u00e9e au titre du service de garde normal<\/strong>, une indemnit\u00e9 forfaitaire de demi-garde aux montants bruts suivants :<br \/>\nDemi-garde effectu\u00e9e au titre du I : 74,5 \u0080 ;<br \/>\nDemi-garde effectu\u00e9e au titre du II : 81,5 \u0080.<\/p><\/blockquote>\n<p>Source : <em>article 1 de l&rsquo;arr\u00eat\u00e9 du 20 mai 2016 modifi\u00e9 par l&rsquo;arr\u00eat\u00e9 du 30 octobre 2020<\/em> consultable <a href=\"https:\/\/www.legifrance.gouv.fr\/loda\/id\/JORFTEXT000032575975\/\">ici<\/a><\/p>\n<h3><span style=\"color: #1bb5b5;\"><strong>Qu&rsquo;est ce que le repos de s\u00e9curit\u00e9<\/strong> ?<\/span><\/h3>\n<p>Il est absolument <strong>obligatoire<\/strong> ! Le repos de s\u00e9curit\u00e9 ne s&rsquo;\u0092applique pas apr\u00e8s les gardes de jour, mais s&rsquo;applique apr\u00e8s toute garde de nuit. Les repos de s\u00e9curit\u00e9 ne sont pas reportables (une garde de samedi n\u0092&rsquo;entra\u00eene pas de repos de s\u00e9curit\u00e9 le lundi, par contre une garde de samedi entra\u00eene un repos compensateur en semaine). C&rsquo;\u0092est une <strong>interruption totale de toute obligation<\/strong> de service : il est donc interdit d\u0092&rsquo;aller en consultation ou de suivre la visite, m\u00eame sans faire de prescription, et il n&rsquo;est pas possible que votre repos de garde soit concomitant \u00e0 un cours obligatoire \u00e0 l&rsquo;universit\u00e9.<\/p>\n<blockquote><p>Le temps consacr\u00e9 au repos de s\u00e9curit\u00e9 n&rsquo;est pas d\u00e9compt\u00e9 dans les obligations de service hospitali\u00e8res et universitaires. Le repos de s\u00e9curit\u00e9, d&rsquo;une dur\u00e9e de <strong>onze heures<\/strong>, est constitu\u00e9 par une interruption totale de toute activit\u00e9 hospitali\u00e8re et doit \u00eatre pris <strong>imm\u00e9diatement apr\u00e8s chaque garde de nuit<\/strong>. source :\u00a0<em>article 2 de l&rsquo;arr\u00eat\u00e9 du 10 septembre 2002 relatif aux gardes des internes consultable <a href=\"https:\/\/www.legifrance.gouv.fr\/loda\/article_lc\/LEGIARTI000042485112\">ici<\/a><\/em><\/p><\/blockquote>\n<h3><span style=\"color: #1bb5b5;\"><strong>Et quand on est enceinte <\/strong>?<\/span><\/h3>\n<blockquote><p>A compter du troisi\u00e8me mois de la grossesse, <strong>les femmes enceintes sont dispens\u00e9es<\/strong> du service de garde. source : <em>article 1 de l&rsquo;arr\u00eat\u00e9 du 10 septembre 2002 relatif aux gardes des internes<\/em> consultable <a href=\"https:\/\/www.legifrance.gouv.fr\/affichTexteArticle.do;jsessionid=20BE0CF8C6DCB11AEC9140680D4965C1.tpdila09v_3?idArticle=LEGIARTI000032590180&amp;cidTexte=LEGITEXT000030311310&amp;dateTexte=20160920\">ici<\/a><\/p><\/blockquote>\n<p>D&rsquo;autres questions ? Des probl\u00e8mes en stage ? Ecrivez-nous \u00e0 33simga@gmail.com !<\/p>\n","protected":false},"excerpt":{"rendered":"<p>Travailler le week-end : garde ou astreinte ? le travail le samedi matin est du\u00a0temps normal\u00a0de stage (c&rsquo;est comme en semaine) si vous \u00eates chez vous au d\u00e9but de votre service, puis que vous vous d\u00e9placez \u00e0 l&rsquo;h\u00f4pital parce qu&rsquo;il y a besoin, c&rsquo;est une astreinte.\u00a0 si vous \u00eates post\u00e9s \u00e0 l&rsquo;h\u00f4pital, c&rsquo;est \u00e0 dire&hellip; <br \/> <a class=\"read-more\" href=\"https:\/\/33simga.fr\/index.php\/legislation\/gardes\/\">Lire la suite<\/a><\/p>\n","protected":false},"author":1,"featured_media":0,"parent":311,"menu_order":3,"comment_status":"closed","ping_status":"closed","template":"","meta":{"footnotes":""},"class_list":["post-93","page","type-page","status-publish","hentry"],"_links":{"self":[{"href":"https:\/\/33simga.fr\/index.php\/wp-json\/wp\/v2\/pages\/93","targetHints":{"allow":["GET"]}}],"collection":[{"href":"https:\/\/33simga.fr\/index.php\/wp-json\/wp\/v2\/pages"}],"about":[{"href":"https:\/\/33simga.fr\/index.php\/wp-json\/wp\/v2\/types\/page"}],"author":[{"embeddable":true,"href":"https:\/\/33simga.fr\/index.php\/wp-json\/wp\/v2\/users\/1"}],"replies":[{"embeddable":true,"href":"https:\/\/33simga.fr\/index.php\/wp-json\/wp\/v2\/comments?post=93"}],"version-history":[{"count":3,"href":"https:\/\/33simga.fr\/index.php\/wp-json\/wp\/v2\/pages\/93\/revisions"}],"predecessor-version":[{"id":3855,"href":"https:\/\/33simga.fr\/index.php\/wp-json\/wp\/v2\/pages\/93\/revisions\/3855"}],"up":[{"embeddable":true,"href":"https:\/\/33simga.fr\/index.php\/wp-json\/wp\/v2\/pages\/311"}],"wp:attachment":[{"href":"https:\/\/33simga.fr\/index.php\/wp-json\/wp\/v2\/media?parent=93"}],"curies":[{"name":"wp","href":"https:\/\/api.w.org\/{rel}","templated":true}]}}