{"id":311,"date":"2014-01-04T10:13:49","date_gmt":"2014-01-04T09:13:49","guid":{"rendered":"http:\/\/atomic-temporary-196332977.wpcomstaging.com\/?page_id=311"},"modified":"2022-08-02T13:07:59","modified_gmt":"2022-08-02T11:07:59","slug":"legislation","status":"publish","type":"page","link":"https:\/\/33simga.fr\/index.php\/legislation\/","title":{"rendered":"LEGISLATION"},"content":{"rendered":"\n<div class=\"wp-block-cover is-light\" style=\"min-height:280px;aspect-ratio:unset;\"><span aria-hidden=\"true\" class=\"wp-block-cover__background has-background-dim\"><\/span><img loading=\"lazy\" decoding=\"async\" width=\"880\" height=\"300\" class=\"wp-block-cover__image-background wp-image-3466\" alt=\"\" src=\"https:\/\/33simga.fr\/wp-content\/uploads\/2022\/08\/legislation.jpg\" data-object-fit=\"cover\" srcset=\"https:\/\/33simga.fr\/wp-content\/uploads\/2022\/08\/legislation.jpg 880w, https:\/\/33simga.fr\/wp-content\/uploads\/2022\/08\/legislation-300x102.jpg 300w, https:\/\/33simga.fr\/wp-content\/uploads\/2022\/08\/legislation-768x262.jpg 768w\" sizes=\"auto, (max-width: 880px) 100vw, 880px\" \/><div class=\"wp-block-cover__inner-container is-layout-flow wp-block-cover-is-layout-flow\">\n<p class=\"has-text-align-center has-large-font-size\"><\/p>\n<\/div><\/div>\n\n\n\n<div style=\"height:80px\" aria-hidden=\"true\" class=\"wp-block-spacer\"><\/div>\n\n\n<p>Dans cette rubrique, vous retrouverez tous les \u00e9l\u00e9ments essentiels qui concernent l&rsquo;encadrement du travail des internes :<\/p>\n<ul>\n<li>le statut de l&rsquo;interne<\/li>\n<li>les gardes et astreintes<\/li>\n<li>les cong\u00e9s<\/li>\n<li>les imp\u00f4ts<\/li>\n<li>les aides financi\u00e8res<\/li>\n<li>les assurances et responsabilit\u00e9s<\/li>\n<li>le remplacement<\/li>\n<\/ul>\n<p>En cas de besoin n&rsquo;h\u00e9sitez pas \u00e0 demander plus d&rsquo;informations par mail \u00e0 33simga@gmail.com<\/p>","protected":false},"excerpt":{"rendered":"<p>Dans cette rubrique, vous retrouverez tous les \u00e9l\u00e9ments essentiels qui concernent l&rsquo;encadrement du travail des internes : le statut de l&rsquo;interne les gardes et astreintes les cong\u00e9s les imp\u00f4ts les aides financi\u00e8res les assurances et responsabilit\u00e9s le remplacement En cas de besoin n&rsquo;h\u00e9sitez pas \u00e0 demander plus d&rsquo;informations par mail \u00e0 33simga@gmail.com<\/p>\n","protected":false},"author":1,"featured_media":0,"parent":0,"menu_order":2,"comment_status":"closed","ping_status":"closed","template":"","meta":{"footnotes":""},"class_list":["post-311","page","type-page","status-publish","hentry"],"_links":{"self":[{"href":"https:\/\/33simga.fr\/index.php\/wp-json\/wp\/v2\/pages\/311","targetHints":{"allow":["GET"]}}],"collection":[{"href":"https:\/\/33simga.fr\/index.php\/wp-json\/wp\/v2\/pages"}],"about":[{"href":"https:\/\/33simga.fr\/index.php\/wp-json\/wp\/v2\/types\/page"}],"author":[{"embeddable":true,"href":"https:\/\/33simga.fr\/index.php\/wp-json\/wp\/v2\/users\/1"}],"replies":[{"embeddable":true,"href":"https:\/\/33simga.fr\/index.php\/wp-json\/wp\/v2\/comments?post=311"}],"version-history":[{"count":1,"href":"https:\/\/33simga.fr\/index.php\/wp-json\/wp\/v2\/pages\/311\/revisions"}],"predecessor-version":[{"id":3467,"href":"https:\/\/33simga.fr\/index.php\/wp-json\/wp\/v2\/pages\/311\/revisions\/3467"}],"wp:attachment":[{"href":"https:\/\/33simga.fr\/index.php\/wp-json\/wp\/v2\/media?parent=311"}],"curies":[{"name":"wp","href":"https:\/\/api.w.org\/{rel}","templated":true}]}}